- 511 = -v, -42*l - 2603 = -5*v - 43*l. Let s = v + -169. What is the highest common divisor of s and 13?
13
Let m be (19591/(-13))/((2 + -6 + 3)*1). What is the highest common factor of 959 and m?
137
Suppose 2*t = 4*k - 46, -2*t = k - 4*t - 10. Let w be (k + -15)/(3/(-275)). What is the greatest common divisor of w and 33?
11
Let c be (4 + -2)*588/2. Calculate the highest common factor of 126 and c.
42
Let p(q) = -32*q + 139. Let v be p(4). Suppose 6*i + 1550 = v*i. Calculate the greatest common divisor of 30 and i.
10
Let i be (-4)/10 - (-792)/30. Let t be -4*4/(-24)*3. Calculate the greatest common factor of t and i.
2
Let p(r) = 39*r + 289. Let y be p(-7). Calculate the greatest common divisor of y and 944.
16
Let r(u) = u**3 + 4*u**2 - 2*u + 5. Let p be r(-3). Suppose -20 + 59 = -3*o. Let f = -11 - o. What is the greatest common divisor of f and p?
2
Let b be (-1 - -371) + (-6 - (-5)/1). Suppose -366*m = -b*m + 216. What is the greatest common factor of m and 90?
18
Suppose -35*y = -37*y + 30. Suppose -y*a = -10*a + 1195. Let g = -78 - a. What is the greatest common factor of g and 23?
23
Suppose 3*s + 3*k + 9 = 5*k, -4*s - 4*k + 8 = 0. Let u be ((-64)/56)/(s/14*2). Calculate the greatest common divisor of u and 72.
8
Let j(f) = -2*f**2 + 41*f + 39. Let v be j(0). Calculate the greatest common divisor of 2613 and v.
39
Suppose 0 = 16*z - 22*z + 78. Let r be (72 + 0)*z/26. What is the highest common divisor of r and 24?
12
Let b be (720/21)/((-24)/(-224)). Let a = b - 315. Calculate the greatest common divisor of 35 and a.
5
Suppose -4*b + 130 = -2*a, -520 + 525 = -5*a. Calculate the greatest common divisor of b and 104.
8
Suppose 2*h + 33 = -5*j - 37, 2*h = -10. Let c be (6/9*j)/(1/(-1)). Suppose s + 2*l - c - 19 = 0, -l - 3 = 0. Calculate the highest common divisor of 11 and s.
11
Let x be 16*9/(-18) + -66. Let y = 78 + x. What is the highest common divisor of y and 244?
4
Let s be 30 + -1 - (58/(-6) + (-264)/(-72)). What is the highest common factor of s and 6265?
35
Let d = 14 + -11. Suppose -d*o = -8*o + 300. Suppose 3*b - 2*b = 6. What is the highest common factor of b and o?
6
Let g be (-10)/(-30) - (-4)/(-3). Let m be g/3 + 32/(-12). Let a = 18 - m. What is the highest common factor of a and 21?
21
Suppose 0 = -8*z - 122 + 410. Suppose 5*h - 4*g = 60, 11*g - 6*g = -3*h + z. Calculate the highest common factor of 132 and h.
12
Let m be ((-14 - -2)/(-4))/1. Suppose 21 + 9 = m*h. Let f = 80 + -40. Calculate the highest common divisor of f and h.
10
Let i(w) = w - 4. Let j be i(9). Let d be ((-18)/3 - -62) + 9. Calculate the highest common factor of j and d.
5
Let x be 1*(-1)/(-2)*126. Let h(d) = -31*d + 346. Let b be h(11). Suppose -b = p - 6*p, 2*p = -r + 44. Calculate the greatest common factor of r and x.
21
Let s(x) = x**3 + 4*x**2 + 1. Let b(d) = -d**2 - 13*d - 4. Let n be b(-13). Let h be s(n). Let z = h + 32. Calculate the highest common factor of 33 and z.
33
Suppose -34*d + 168 = -31*d. Suppose 41 = 2*y - 5*j - 47, 5*y - 4*j - 254 = 0. Let f = d - y. What is the greatest common divisor of 5 and f?
1
Suppose 0 = -2*r + r + 435. Let c(p) = p**3 - 46*p**2 + 47*p - 75. Let a be c(45). Calculate the greatest common factor of r and a.
15
Let x(z) = z**2 - 68*z - 891. Let m be x(-13). What is the greatest common divisor of m and 102?
6
Suppose 26726 = 81*s + 85*s. Calculate the greatest common factor of 875 and s.
7
Let a(s) = 31*s + 2. Let d be a(-3). Let x be 5 + -2 + -6 - d. Let r be (-9)/((-54)/6 - -6) + 1 + 4. What is the highest common factor of x and r?
8
Let w be 14 - (-6 + (-5 - -5)). Suppose -11 = -5*h - 1. Suppose -5*v - 5*m = -1125, h*v + 3*m - 455 = -0*m. Calculate the highest common divisor of v and w.
20
Let z(a) = 93*a**2 - 4*a + 3. Let f be z(1). Suppose 43*p - f = 20*p. What is the greatest common factor of 68 and p?
4
Suppose x + 5 + 9 = 0. Let q = x + 50. Suppose 114*j + 854*j = -322*j + 77400. What is the greatest common divisor of q and j?
12
Let s = -521 + 395. Let y = s + 189. Calculate the greatest common divisor of y and 21.
21
Let v be 69 + ((-12)/(-10))/(9/45). Suppose -3*a + 2*b + 84 = 0, 7*b + 135 = 5*a + 2*b. Calculate the highest common divisor of v and a.
15
Let g = 280 + -144. Suppose 12*v = -3*v + 255. Calculate the highest common divisor of g and v.
17
Suppose 203*l - 595 = 28*l + 280. Calculate the greatest common factor of 5210 and l.
5
Let z be -12*5/20*-1. Suppose i + 38 = -b, 0*b + 3*i - 102 = z*b. Let d = -17 - b. Calculate the greatest common factor of 133 and d.
19
Suppose 0 = -5*j - 4*f + 2232, 9*j - 1329 = 6*j + f. What is the highest common factor of j and 144?
12
Let c(o) = -2*o**2 + 7*o - 8. Let x be c(2). Let t be x/((-20)/(-6)) - 492/(-20). Calculate the greatest common factor of 40 and t.
8
Suppose 20*b + 1480 + 840 = 0. Let y be 1*5 - ((14 - 4) + b). Calculate the greatest common factor of y and 74.
37
Suppose 20*a - 35*a + 26730 = 0. Calculate the highest common factor of 330 and a.
66
Let n(z) = -z + 24. Let l be n(-16). Let h be 1*131 + 0/2. Let a = 231 - h. What is the greatest common divisor of l and a?
20
Suppose -4*h + 172 = -8. Let w be (-45 - -52 - (14 - 1)) + 51. What is the greatest common divisor of w and h?
45
Suppose -5*a = 3*n - 3529 - 770, 2564 = 3*a + 4*n. Calculate the greatest common divisor of a and 48.
48
Suppose -2*r = 3*j - 264 - 64, -5*r - 225 = -2*j. What is the highest common divisor of 1298 and j?
22
Let w be (0 - -49)/(1/6 + 36/432). What is the highest common factor of 348 and w?
4
Let a be 0*(-4)/(-40)*5*1. Suppose -5*b - i + 8 = a, 4*b + 1 - 7 = -i. What is the greatest common divisor of 43 and b?
1
Let k be (1 - 157)*26/(-78). Suppose k - 87 = -7*m. Suppose 4*r - 114 + 14 = 0. Calculate the greatest common divisor of r and m.
5
Suppose -140 = -3*g - 2*g - 2*v, 0 = 2*v + 10. Suppose 0 = -6*r + g + 18. Suppose -r*t = -3 - 21. What is the greatest common factor of 33 and t?
3
Suppose 0 = 5*r - 4*f - 193 - 360, -3*r + 345 = 2*f. Let h = r - -32. What is the highest common factor of 29 and h?
29
Let m = -713 + 488. Let x = m - -836. Calculate the greatest common factor of x and 47.
47
Let d(t) = t**3 - 44*t**2 + 75*t - 1236. Let l be d(45). Calculate the greatest common divisor of 60 and l.
12
Suppose 2*w + 3*t - 98 = 0, 204 = 4*w + 4*t - 2*t. Calculate the greatest common factor of 429 and w.
13
Let x be 5/60*3 - 95508/(-48). What is the highest common factor of 40 and x?
10
Let d(o) = 7*o - 87. Let f be d(13). Suppose f*q - 296 = -r, -5*r - q + 888 = -2*r. What is the greatest common divisor of r and 37?
37
Let s be ((-3114)/(-27))/(2/6). Let k be (1 - s/6)/((-8)/72). What is the highest common divisor of k and 30?
30
Let i(f) = f**2 + 9*f - 46. Let j be i(-13). Let c be 100/120 + 1915/j. What is the highest common divisor of c and 20?
20
Suppose -56*j + 25*j = 35*j - 606738. Calculate the highest common factor of j and 29.
29
Suppose 0 = -5*m + 3*h - 2361, 2*m = -3*m - h - 2353. Let x = -467 - m. Calculate the greatest common divisor of 1 and x.
1
Let b = -985 + 1395. Suppose -m = -5*o + b, -4*m + 410 = 5*o - m. What is the highest common factor of o and 205?
41
Suppose 26 + 8 = 3*b - 5*h, -b - 2*h + 15 = 0. What is the highest common divisor of 4914 and b?
13
Let c = -6440 + 6524. Calculate the greatest common divisor of c and 5376.
84
Let l = -33 + 55. Let a = 37 - l. Suppose -16*k + 90 = -a*k. What is the highest common factor of k and 36?
18
Let f = 0 - -6. Suppose 0 = f*o - 30 - 42. Let g = -6 - -14. What is the highest common factor of o and g?
4
Let w = -169 + 163. Let v(o) = 54*o**2 + 316*o. Let u be v(w). What is the highest common factor of 120 and u?
24
Suppose 48*f = 3*t + 53*f - 2226, -5*t + 5*f + 3710 = 0. What is the greatest common divisor of 4876 and t?
106
Suppose 108 = 2*r - 4*w, -4*w + 483 = 5*r + 171. Let y be (-8 - -12) + 1 + -1 + 32. Calculate the greatest common factor of y and r.
12
Suppose -3*z = -4*z + 36. Suppose 0 = -n + 4*y + 52, -2*n + y + 71 = 4*y. Suppose 21*k + n = 31*k. What is the highest common factor of k and z?
4
Let x(l) = l**3 + 2*l - 13*l**2 + 11*l + l + 9. Let p be x(8). Let r = -39 - p. What is the highest common divisor of 20 and r?
20
Let k = -353 + 479. Calculate the greatest common divisor of k and